 c a composite number?
True
Let t be ((-489)/(-9))/((-1)/(-3)). Let k = -86 + t. Is k a prime number?
False
Let s(p) = -p**3 + 7*p**2 + p - 5. Let i be s(7). Is 81 - (i + 0/(-1)) prime?
True
Let f(t) be the second derivative of -7*t**3/6 - 13*t**2/2 - 2*t. Is f(-4) a prime number?
False
Suppose 2*p - 4*q - 354 = q, -p + q + 174 = 0. Let r = p - 83. Is r a prime number?
True
Let m(g) = -g - 2. Let d be m(-5). Suppose 0 = -4*x + 3*z + 187, -11 = x + 4*z - 34. Suppose 0 = -d*y - x + 280. Is y a prime number?
True
Suppose -x + 5*x = 2*o + 506, 0 = 5*x - o - 634. Let j = x + -60. Is j a prime number?
True
Let d = 356 - 138. Let t be 6/9 - (-451)/3. Let u = d - t. Is u prime?
True
Let f = 15 + -6. Let h be (96*1)/(f/6). Suppose -5*z = -5*a + 271 + h, 2*a = -5*z + 134. Is a composite?
False
Is -3*-1*75 - 2 a composite number?
False
Suppose 3*j - 1939 = -4*o, 2*o + 3*o = -4*j + 2584. Suppose j = q - 0*q. Is q a composite number?
False
Is 58/3 - (-4)/(-12) a composite number?
False
Suppose 3*y - 12 = -0. Suppose 0 = -2*s - 4, -f + y*s + 303 = 4*f. Is f composite?
False
Suppose 2 = 4*i - 14. Suppose 0 = i*r - 0*r - 12. Suppose -2*w + r*b = -194, 4*w + 105 - 473 = b. Is w a prime number?
False
Let k(j) = 116*j**2 + 4*j + 7. Is k(5) prime?
True
Suppose 2*q - 3*i + 3 = 2*i, -3*i = 2*q + 11. Let l(w) = -17*w + 3. Is l(q) a composite number?
False
Suppose -3*o + 961 + 6522 = 5*h, -2*h = -o + 2509. Is o a composite number?
True
Let s(b) = 17*b**2 - 7*b - 3. Let x be s(-6). Suppose 3*u = -y + 231 + x, 3*y = -2*u + 595. Is u a composite number?
False
Suppose -4*y = -4, 3*y - 1140 = -0*p - 3*p. Is p a prime number?
True
Suppose 4*l = 8 + 4. Let y(r) = 4*r**2 - 2*r + 1. Is y(l) prime?
True
Let m be (-4 - -1) + 3*21. Suppose -3*n + m + 15 = 0. Is n composite?
True
Let q = -5 - -7. Suppose 2*j + 0*j - 323 = -3*t, -q*t - 5*j = -208. Is t composite?
False
Suppose 188 = 4*a - 0*a. Is a composite?
False
Let s = -98 + 56. Is (s/(-4))/(1/2) a prime number?
False
Let y be ((-1 - -1) + 0)/(-1). Suppose 0 = -2*b - y*b + 18. Is b prime?
False
Let m(t) = 298*t + 6. Let r be m(3). Suppose 0 = -3*x + r + 969. Is x a prime number?
False
Let w be ((-18)/1)/((-4)/2). Let b = w - 5. Suppose b*k - 3*i - 199 = 0, 4*i - 3*i = -2*k + 97. Is k a prime number?
False
Let g be -2 + 0 - (-1 + -3). Suppose -z = -4*v, -4*z + 2*z + 12 = -g*v. Suppose 4*a = 4*o - z - 216, -4*o + 222 = -2*a. Is o a composite number?
True
Suppose -4*h - 2*d + 2173 - 685 = 0, 3*d = -5*h + 1859. Is h prime?
True
Suppose -3*z + 20 = -8*z. Is z/(-4)*53/1 composite?
False
Suppose 12 = 5*u - 3*u. Suppose 0 = -u*t + 4*t + 254. Is t prime?
True
Let o = 828 + 211. Is o composite?
False
Suppose -8 = -5*l + 2. Let g = l + -2. Suppose -14 = -u - g*u. Is u prime?
False
Let l be 3*2 - 1 - -1. Suppose -p + 21 = 4*k, -l*p + 3 = -3*p. Suppose 0 = -m - 3*c + 46, m - k*m - 4*c = -160. Is m composite?
False
Let m be (-3 - (-2 + 1)) + -26. Let u = m + 85. Let t = u - 20. Is t composite?
False
Is (2/(-8))/((-8)/29728) prime?
True
Let x be 0 + (1 - 2) + -743. Let u = -242 - x. Suppose -l - l + u = 0. Is l prime?
True
Suppose 3*q - r - 5924 = 4*r, 3*q - 5914 = -5*r. Is q prime?
True
Let y(i) = -i + 8. Let u be y(12). Is 159 - 6/(1 + u) a composite number?
True
Let r(b) = -b + 24. Let p be r(0). Let s be 4/(-10) - p/(-10). Suppose -s*d + 26 = -d + 3*y, -2*y = 4*d - 64. Is d a prime number?
False
Suppose -2*f + 9 = f. Let v(c) = 12*c**2 + 2*c + 7. Is v(f) a composite number?
True
Suppose 0 = -2*r + 2*c - 26, -r - 4*c = -3*c + 3. Let t be (-1 + -1)*(-12)/r. Is (-21)/(-1) + 3 + t prime?
False
Let k = 181 + -99. Is k a composite number?
True
Let m = -1401 + 2398. Is m a composite number?
False
Let s = -321 - -1456. Is s a composite number?
True
Let n(c) = 15*c + 5. Let p be n(5). Let h = -49 + p. Is h a composite number?
False
Suppose 3*d = 5*p + 2062, p + 691 = d + 3*p. Is d prime?
False
Let a = 1466 + -325. Is a a prime number?
False
Suppose -5*c - 4*o = 355, -o + 325 = -5*c + o. Let l = 25 + -53. Let m = l - c. Is m prime?
False
Suppose -b = -212 + 7. Is b prime?
False
Let n be (15/6)/(2/(-348)). Let d = n - -793. Suppose -d = -5*s - 13. Is s composite?
True
Suppose 0 = 2*l - 6*l - 748. Let b = l + 284. Is b prime?
True
Suppose 335 = 2*z + 3*z. Is z composite?
False
Let q = -241 + 143. Let d = -52 + 205. Let a = d + q. Is a a composite number?
True
Let u(v) = -13*v**3 - 3*v**2 + 10*v - 7. Is u(-6) a prime number?
True
Let h = 72 - -97. Is h a prime number?
False
Suppose -4*h + 1306 = -1258. Is h prime?
True
Suppose -5*t - 38 = -128. Let h = 41 - t. Is h prime?
True
Let z = -5574 - -8825. Is z composite?
False
Suppose -288 = -2*r - 5*u, -5*r - 3*u + u = -699. Is r composite?
False
Let w(t) = 31*t + 3. Is w(4) a composite number?
False
Let k be ((6 - 3) + -4)*-6. Suppose 0 = -v + k*v - 35. Is v composite?
False
Suppose 5*n - 15 = -0. Suppose 0 = i - n*i + 18. Let w = 44 + i. Is w a composite number?
False
Let x(y) = -y**2 + 6*y + 2. Let k be x(6). Is ((-13)/k)/(5/(-10)) prime?
True
Suppose 2*z = -z + 390. Let n be (-2)/8 + z/8. Suppose 2*g = 2*f - n, 3*f - 2*g = -6*g + 45. Is f composite?
False
Let s be 1 + 277 + -3 + 1. Suppose -3*g = -5*r - g + 354, 4*r = -2*g + s. Let v = -33 + r. Is v a prime number?
True
Suppose 0 = 7*k + 4*k - 6941. Is k a prime number?
True
Suppose 0 = 3*a - 2*q - 146, -2*a - 2*a + 196 = -4*q. Suppose -a = 3*r - r. Is (-201)/(-4) + (-18)/r a prime number?
False
Let b be (-1)/3 + (-20)/(-6). Suppose b*f + 21 = 3*p - 141, -5*p = 3*f - 310. Is p composite?
False
Suppose m - 4*m = -633. Is m prime?
True
Suppose -5*l = -2*l + 5*a - 1546, -l + a + 518 = 0. Is l composite?
True
Let d(n) = n**2 - n - 7. Let x(u) = u**2 - 2*u + 2. Let t be x(4). Is d(t) composite?
False
Suppose -4*a + 4*d - 8 = 0, -2*a - 12 = -d - 3*d. Suppose 6 = -m - 5*p, p + 12 = a*m - p. Suppose -5*f - 3 = -3*q + 16, 2*q = -f + m. Is q composite?
False
Let z = 37 - 18. Is z a composite number?
False
Let y(v) = 14*v**3 - 3*v**2 + 3*v - 3. Is y(2) a prime number?
True
Is 2/(-5) - 2094/(-10) prime?
False
Let c(a) = a**2 - 11*a + 13. Let b(i) = -30*i**3 - 2*i + 1. Let l be b(1). Let h be 1/3 - l/(-3). Is c(h) composite?
False
Let l = 48 - 26. Is l prime?
False
Suppose 115 = x + 4*x. Suppose -7*h + 6*h = -x. Is h composite?
False
Let k(o) = -5*o**2 + 11*o + 5. Let a(u) = 6*u**2 - 12*u - 4. Let m(x) = -2*a(x) - 3*k(x). Let z be (2 - 3)*7/1. Is m(z) a composite number?
True
Let v be (-209)/2 - (-4)/(-8). Let t = v - -296. Is t composite?
False
Suppose 1 + 8 = 3*l. Suppose -2*k + 3*k - 58 = 0. Suppose -5*t - 24 = -5*w - 119, -2*t - l*w + k = 0. Is t a composite number?
False
Is 163*1*(-12 - -13) composite?
False
Let h(p) = 5*p**3 - 22*p**2 - 5*p - 21. Let f(r) = -3*r**3 + 15*r**2 + 3*r + 14. Let m(o) = 8*f(o) + 5*h(o). Is m(-9) a composite number?
False
Suppose p = -5 + 10. Suppose 0 = -i + p*w - 12, 0 = -0*i - i - 5*w + 8. Is 24 - 3/(-6)*i composite?
False
Let y be 0/(6/2) + -36. Is (-1122)/y - 1/6 a composite number?
False
Let g(o) = -135*o - 50. Is g(-7) a composite number?
True
Suppose -4*f - r - 2*r + 8420 = 0, -5*r = 4*f - 8420. Is f a prime number?
False
Suppose 5*d + 1477 = 5*i + 432, -609 = -3*i - 3*d. Let g = 349 - i. Is g a composite number?
True
Suppose -t + 5919 = 3*t + 5*h, -7402 = -5*t - 3*h. Is t composite?
False
Let x = -4 - -9. Suppose 5*b + 0*l - l - 5 = 0, -10 = 5*b + 2*l. Suppose b = x*q - 92 - 93. Is q a prime number?
True
Let o(t) = 2*t**3 + 4*t**2 + 2*t + 3. Is o(4) a prime number?
False
Let s be (-20)/(-16)*4/1. Let g = 15 + -7. Let k = s + g. Is k prime?
True
Let l(i) = 22*i**2 - 3*i - 1. Suppose 0 = 3*g + 4*p + 24, -5*g - 2*p - 33 = -7. Let s be l(g). Suppose 577 + s = 4*j. Is j prime?
False
Suppose -4*n - y + 12 = 0, 2*y + 0*y + 12 = n. Suppose 4*r = -n*o + 52, -o - 44 = -3*r - 5*o. Let a(x) = x**2 + 1. Is a(r) a prime number?
False
Suppose 5*z = -5*j + 2 + 23, 8 = z + 4*j. Suppose 6 = -2*a + 5*o, -2*o + z = a - o. Is -2 - (4/a + -41) composite?
False
Suppose -g = 2*g - 27. Suppose g = f + 2*f. Suppose 0*d - f*d = -174. Is d a prime number?
False
Let u = 77 + 134. Is u a composite number?
False
Suppose -f = 3*i - 194, 5*i - 96 = 3*f - 664. Is f prime?
True
Let f(s) = -s**3 + 16*s**2 + 20*s - 16. Is f(15) a prime number?
True
Suppo